value of 218 - 194 - (2 + 3 + 0 + -3)?
22
Calculate 38 + -12 + 34 + -52 + (2 - -8).
18
1 + (2 - 25) - (-1278 - -1295)
-39
Calculate 56 + -1 + -86 + -6.
-37
What is the value of 73 - (-76 + 150 - -60)?
-61
What is the value of (-1 - 157) + (10959 - 10885)?
-84
Calculate (-11 - (29 - -2 - (46 + -42))) + (8 - 4).
-34
19 - (-88 - 0 - -196)
-89
What is 1 + 78 + -29 + -34?
16
-31 - (11 + (-110 - -55))
13
Calculate -6 + -40 + 63 + -89.
-72
Evaluate 921 + -879 - (5 + 3 - -5).
29
Evaluate -13 - (-2 - (-11 + (78 + -8 - 0))).
48
What is 3 + -44 - (20 + 16 + -22 + (0 - 11))?
-44
What is -44 + 102 + -56 - (-16 + 3 - 3)?
18
What is 2 + 10 - (0 - 9 - (-13 + 0)) - 29?
-21
-77 + (-64 - -51 - (3 + -32)) - (-1 + 14)
-74
(26 - (-2 + -9)) + (1 + 13 - (3 + 2))
46
Calculate 80 - (-60 + 71 + 15).
54
555 + -693 - (-243 + 6)
99
Calculate -3100 + 3153 + (1 - 18).
36
57 + -8 - (-13 + (4 - -4 - -4) - 13)
63
-9 + 0 - (-74 - (56 + -93))
28
Evaluate -25 - -15 - (117 - 145).
18
Calculate 21 + -6 + 6 - 36.
-15
What is (26 - -12) + -23 + (8 - -7)?
30
4 + -68 + (-73 - -113)
-24
83 + -147 - (-2 - (18 - 31))
-75
Calculate -14 + -60 - -87 - (-23 - -5 - -6).
25
What is (3 - -79) + -48 - 1?
33
Calculate -12 + -2 - ((-37 - (-49 - 13)) + 31).
-70
What is the value of 40 + -97 + 21 + 88?
52
-1 + -4 + (99 + -89 - (-150 - -8 - -2))
145
What is (-22 - (37 - 33)) + 37?
11
Evaluate -11 + (4 - -12) - (6 + 3 + 9 + -24).
11
Calculate -3 - (-7 + (41 - 4)).
-33
What is the value of -5 + (3 - 17 - (40 - 25))?
-34
Evaluate (-74 - 1) + 434 + -388.
-29
Evaluate (-8 - 2 - (-243 - -234)) + -44.
-45
Evaluate 51 + -100 - (-14 + -3 - -32).
-64
Evaluate -14 - (-3 + (3 - 8) + -13) - 13.
-6
Evaluate -6 + 1 - -51 - (-215 - -210).
51
What is (-14 - (1 + -11 + 15)) + 10 + 38?
29
Calculate 378 + -264 + (-4 - (5 - 35)) + -5.
135
What is 0 + (128 + -114 - (1 + -1 - -14))?
0
Calculate -88 - 9 - 9 - (-116 + 112).
-102
Calculate -98 + (16 - -2) + (558 - 549).
-71
What is (119 + -26 - 22) + 3 + -8 + 9?
75
What is 10 + 19 + 9 + (-14 - (-1 - 3))?
28
Calculate 48 + (2 + -24 - (-40 - -29) - -10).
47
What is the value of 97 - 12 - (-478 + 480)?
83
(-92 - -103) + 5 + -2 + -21
-7
What is the value of 4 + -5 + (83 - 40) - -78?
120
What is the value of 252 - 286 - (-1 - 15) - (-35 + 1)?
16
Evaluate -12 + -3 + -7 + -21 + 19 - -12.
-12
What is -17 - (1104 - 1053 - (10 + 0))?
-58
Evaluate 35 + -10 + 9 + (12 + -2 - 7).
37
Calculate -226 + 69 + 139 + 63.
45
What is -9 + -45 + -8 + 116?
54
Calculate (3 - -70) + -19 + 14 + 5 + -2.
71
What is the value of -6 - (-10 + 2 - (5 + (8 - -4)))?
19
Evaluate 14 - (-9 + 0 + 0 - (48 + -234 + 153)).
-10
What is -62 - (9 - (43 - 44))?
-72
What is the value of -4529 + 4539 - (0 + -88)?
98
What is the value of 2 + 23 + -13 + -9 + 10 - -37?
50
Calculate -1 - -15 - (79 + -58 + 27).
-34
(33 - 4) + -20 - (11 + 0 + -2 - -3)
-3
What is the value of (-38 - (45 + -96)) + 25?
38
What is (142 - 103) + -16 + 9 - 63?
-31
What is the value of -4 + (14 - -4) + -10 + (28 - 2) + -6?
24
What is (3426 - 3337) + (-5 - 61)?
23
Evaluate (-21 - 77 - -25) + 52.
-21
31 - ((0 - 18) + (-19 - (-39 + 19)))
48
Calculate 19 + (29 + 8 - (19 + 0)).
37
Calculate 4 + -16 + -3 + 3 + -102 + 75.
-39
What is the value of -13 - (47 + -15 + 43 + -19)?
-69
Evaluate -15 - (-16 - (-4 - -10)) - -8.
15
Calculate (24 + -30 - -13) + -18 + (1 - 117) - -2.
-125
What is the value of (22 - 10) + (-5 - -10) + -23 + 32?
26
What is (7 - (0 - -4)) + (-95 - -30) + 6?
-56
Evaluate -21 + 14 + (11 - -1) - (-8 + 4 + 61).
-52
What is 154 + -292 + 115 - (-3 + -165)?
145
What is the value of 41 + (74 - 117) - 38?
-40
Evaluate -2 - -7 - ((-6 - -13) + 12).
-14
24 + 4 - (4 + -23 - -38) - 76
-67
What is 78 + (-117 - -174 - 69)?
66
46 - (-1 + (12 - (6 - 3)) + 5)
33
What is the value of -19 + -22 + 14 + 4 + -5?
-28
What is 61 - (-6 - ((-7 - (-20 + 29)) + 25))?
76
What is -64 + -1 + -871 + 891?
-45
What is -20 + -18 + 3 + -3 + (2 - 10)?
-46
What is 141 - 24 - (-123 - -177)?
63
Calculate 4 + -6 - (-17 - (-55 - -49)) - 131.
-122
0 + -30 - (16 - (14 - -24))
-8
What is the value of 37 + (85 - 106) + -90?
-74
What is the value of 14 - ((22 - (20 + 37)) + -3 + 15)?
37
-1 + 71 + -17 + 25 + (-32 - -5)
51
Calculate -35 + (0 - (0 + 18)) - -13.
-40
-164 + 17 + (35 - -7 - 17)
-122
What is -3 + -4 + 3 - ((-42 - -28) + -12)?
22
Calculate -1 + (15 - 21 - 46) + (2 + 0 - 6).
-57
37 + -91 - (-62 + 10)
-2
-122 + (157 - 314) + 291
12
Evaluate 56 - (6 + -2) - 3 - (3 - (-14 + 28)).
60
What is the value of ((-10 - -16) + -21 - -5 - -5) + 7?
2
Calculate 13 + (43 - 2 - (-360 + 382)).
32
What is the value of -27 + (34 - (26 + -10)) + 9?
0
Calculate -3 + 30 + 0 + (167 + 26 - 213).
7
What is -11 - (9 + -1 + (0 - (-6 + 10) - -4))?
-19
What is 19 + 0 + -11 + 0 + -14 + 26?
20
Calculate 46 - (-10 + -4 + 6 + 19 + -8).
43
Calculate (-1 - -4) + -5647 + 5615.
-29
Evaluate 20 - (126 - (4 + -18 - (-28 + 19))).
-111
-1 - -2 - (-17 - (-20 + 29 + -24))
3
What is -1109 + 1103 + 20 + 3?
17
Evaluate (66 - (-16 + 34)) + (-34 - -31).
45
What is 6 + (28 - (-21 - -60)) + -18?
-23
What is (-7 - (2 + -13) - 8 - 8) + 3?
-9
Calculate -8 - (-33 + 53 - 26).
-2
(4 - (33 + 1 - -3)) + (22 - (-45 - -75))
-41
Evaluate -54 - ((12 - 2) + -245 + 216).
-35
Calculate 141 + (112 - 207) + -70.
-24
What is the value of (-11 - 3 - -5) + 279 + -293?
-23
Calculate 27 - (-10 - 6 - 12).
55
Evaluate 342 - 355 - (-148 + 5 + 0 + -4).
134
108 + (1 + 4 - (4 + -3 + (17 - 4)))
99
What is the value of 8 - (62 + -48 + (-7 + 2 - -43))?
-44
Calculate 5 + -118 - -145 - (54 + 2).
-24
Evaluate 2 + -1 + -9 - ((1790 - 1738) + (0 - -46)).
-106
What is the value of 2 + -64 + 3 - (492 + -504)?
-47
Evaluate -16 - 0 - 2 - (32 + (-21 - 5)).
-24
Calculate 73 + (-42 - 25) - (1 - -45).
-40
Evaluate 6 + ((-2 - 0) + 12 - (-1020 - -1024)) - -76.
88
Evaluate 4 + (6 - 2) + -77 + (-10 - (7 - 15)).
-71
Evaluate 11 - (13 + 21 + 3 + -2).
-24
What is the value of 2 + (20 - 12) + -18 + -14?
-22
Calculate -8 - 6 - (-8 + -2 - -9) - -6.
-7
Calculate (367 - (138 + -2)) + -112.
119
Calculate -11 + 1 - ((169 - 159 - (-2 - -6)) + 2).
-18
What is the value of -40 + (-66 - -142 - -15)?
51
Evaluate (24 - (-28 + 101)) + 28 - (-60 + -13).
52
What is the value of -1 - (-78 - (20 - 68))?
29
Calculate -28 + 20 - ((5 - -2) + (11 - 55)).
29
Evaluate -78 + (469 + -448 - ((-2 - (-18 - 5)) + -5)).
-73
-56 - ((-35 - -14) + 27)
-62
What is -10 - ((68 + -28 - 10) + (3 - 2))?
-41
What is the value of 16 - ((23 - 56) + 90)?
-41
What is the value of 1 - 100 - (-11 - ((-23 + 22 - 21) + 15))?
-95
What is the value of -15 + (-43 - -106 - 44)?
4
(-226 - (-216 + 91)) + 71
-30
Evaluate 171 + -14 + (-24 - (-23 - (12 - 21))).
147
-43 + (6 - (-89 - -51))
1
Evaluate 26 + (9 - (-25 + 17 + -7)).
50
What is the value of (-18 - (-2 + -19)) + -15 + 1 + 50?
39
-178 + 191 + 6 + -1 - -22
40
What is -2 + 38 - (432 + -407)?
11
What is the value of (79 - 35) + 5 + (-3 - 13) + 0?
33
What is the value of (35 - 5) + (0 - -1) + (20 - (-8 - -25))?
34
What is the value of 6 + -2 - (6 + 27 + -14 - -1)?
-16
Evaluate 19 + -7 - -1 - (8 + -15 - -11 - -147).
-138
What is the value of (-12 - 68) + 13 - -67?
0
Calculate -4 + (-3 + 9 - 1) + (-27 - (4 + -42)).
12
(-1 + 5 + -25 - -34) + (1 - 54)
-40
What is 6 + (-4 - (-9 + 24 + -13) - (-3 + -121))?
124
Evaluate 417 + -454 + 44 + (1 - 122) + 0.
-114
Evaluate 10 - (26 - 54 - -25) - -31.
44
What is the value of (3 + 5 + -118 - 6 - (-60 - -54)) + 10?
-100
-82 + -4 - (48 + (44 - 126))
-52
(-2116 - -2040) + 26 + 1 - 28
-77
What is (4 - 0 - -2) + 5 + -6 + 86 + -25?
66
What is -4 - (31 + -4 + -8) - (-2 + 6)?
-27
What is the value of -26 - (-14 + (-27 + 35 + (15 - 1) - 10))?
-24
-2 - (-301 + 288 - (-3 + -39 + -3))
-34
What is the value of (-4 - -8) + -22 - (-170 - -163)?
-11
What is 117 + (5 - 7) + (-22 - (-15 + 24)) + 26?
110
What is the value of (-8 - -28) + 3 - (6 - 4 - (-3 + 6))?
24
Evaluate -4 + 25 + -34 - 33.
-46
What is the value of 243 + -228 + (-8 - 0) + 51?
58
Calculate (28 - (154 + -119)) + 73.
66
17 - (40 - (240 - 123))
94
What is -13 - (45 - (122 - 12))?
52
What is -4 - (-15 + 1 - -8 - -24)?
-22
What is the value of -42 - ((88 - 120) + 25 + -2)?
-33
What is -11 + (-14 + 8 - -19 - 18 - -4)?
-12
-16 + (12 - (-16 + 8)) - (-84 - 0)
88
Evaluate (-6 - 2) + (4 - (9 - 7)) + 54 + -19.
2